{"id":211,"date":"2020-07-04T00:31:28","date_gmt":"2020-07-03T22:31:28","guid":{"rendered":"http:\/\/cienciasbiologicas.ulagos.cl\/?page_id=211"},"modified":"2024-04-26T20:00:12","modified_gmt":"2024-04-26T18:00:12","slug":"laboratorio-de-comunidades-y-restauracion-ecologica","status":"publish","type":"page","link":"https:\/\/cienciasbiologicas.ulagos.cl\/?page_id=211","title":{"rendered":"Laboratorio de Restauraci\u00f3n Ecol\u00f3gica y Servicios Ecosist\u00e9micos"},"content":{"rendered":"<div class=\"row\">\n<div class=\"col-md-4\"><img decoding=\"async\" class=\"img-responsive alignleft\" style=\"width: 215px; height: 218px;\" src=\"http:\/\/cienciasbiologicas.ulagos.cl\/wp-content\/uploads\/2020\/09\/cecilia1.jpg\" alt=\"none\" \/><\/div>\n<div class=\"col-md-8\">\n<div><\/div>\n<div style=\"text-align: left;\"><span style=\"color: #003366;\"><b>DRA. CECILIA SMITH-RAM\u00cdREZ<\/b><\/span><\/div>\n<p style=\"text-align: left;\"><a href=\"mailto:cecilia.smith@ulagos.cl\" target=\"_blank\" rel=\"noopener noreferrer\">cecilia.smith@ulagos.cl<\/a><\/p>\n<p><a href=\"https:\/\/www.researchgate.net\/profile\/Cecilia_Smith-Ramirez\" target=\"_blank\" rel=\"noopener noreferrer\">https:\/\/www.researchgate.net\/profile\/Cecilia_Smith-Ramirez<\/a><\/p>\n<\/div>\n<\/div>\n<p>&nbsp;<\/p>\n<p><span style=\"color: #003366;\"><b>Restauraci\u00f3n ecol\u00f3gica y servicios ecosist\u00e9micos<\/b><\/span><\/p>\n<div class=\"row\">\n<div style=\"text-align: left;\">Nos dedicamos al estudio de la restauraci\u00f3n ecol\u00f3gica o regeneraci\u00f3n de ambientes naturales alterados por incendios y por plantas e insectos invasores; incluyendo en nuestras investigaciones la percepci\u00f3n y disposici\u00f3n de propietarios y comunidades a conservar y restaurar. El estudio de servicios ecosist\u00e9micos incluye especialmente polinizaci\u00f3n en ambientes naturales y cultivos, provisi\u00f3n de agua y algunas funciones ecosist\u00e9micas como las interacciones planta-animal mediante aproximaciones de campo, modelaci\u00f3n, sistemas de informaci\u00f3n geogr\u00e1fico y gen\u00e9tica. La difusi\u00f3n del conocimiento generado y el involucramiento en pol\u00edticas p\u00fablicas es tambi\u00e9n uno de nuestros objetivos fundamentales.<\/div>\n<div>\n<hr \/>\n<\/div>\n<div><span style=\"color: #003366;\"><strong>Publicaciones destacadas<\/strong><\/span><\/div>\n<p>&nbsp;<\/p>\n<div><\/div>\n<div><strong>Smith-Ram\u00edrez, C.<\/strong>, Barahona-Segovia, R.M. &amp; Vieli, L. (2021).\u00a0<em>Aneriophora aureorufa<\/em>\u00a0Philippi 1865 (Diptera: Syrphidae): a forest specialist fly pollinator of South American temperate forests.\u00a0<em>Journal of Pollination Ecology, 27(2): 28-35.<\/em><\/div>\n<div><\/div>\n<p>&nbsp;<\/p>\n<div>Castillo, J., <strong>Smith-Ram\u00edrez, C.<\/strong> &amp; Claramunt, V. (2020). Differences in stakeholder perceptions about native forest: implications for developing a restoration program. <em>Restoration Ecology, <\/em>Vol. 29, No. 1, e13293. <a href=\"http:\/\/dx.doi.org\/10.26786\/1920-7603%23618\">https:\/\/doi.org\/10.1111\/rec.13293<\/a><\/div>\n<\/div>\n","protected":false},"excerpt":{"rendered":"<p>DRA. CECILIA SMITH-RAM\u00cdREZ cecilia.smith@ulagos.cl https:\/\/www.researchgate.net\/profile\/Cecilia_Smith-Ramirez &nbsp; Restauraci\u00f3n ecol\u00f3gica y servicios ecosist\u00e9micos Nos dedicamos al estudio de la restauraci\u00f3n ecol\u00f3gica o regeneraci\u00f3n de ambientes naturales alterados por incendios y por plantas e insectos invasores; incluyendo en nuestras investigaciones la percepci\u00f3n y disposici\u00f3n de propietarios y comunidades a conservar y restaurar. El estudio de servicios ecosist\u00e9micos incluye [&hellip;]<\/p>\n","protected":false},"author":5,"featured_media":0,"parent":18,"menu_order":1,"comment_status":"closed","ping_status":"closed","template":"template_menu_vertical.php","meta":{"_uag_custom_page_level_css":"","footnotes":""},"class_list":["post-211","page","type-page","status-publish","hentry"],"uagb_featured_image_src":{"full":false,"thumbnail":false,"medium":false,"medium_large":false,"large":false,"1536x1536":false,"2048x2048":false,"detacado_home":false,"home":false,"destacado":false},"uagb_author_info":{"display_name":"cristian","author_link":"https:\/\/cienciasbiologicas.ulagos.cl\/?author=5"},"uagb_comment_info":0,"uagb_excerpt":"DRA. CECILIA SMITH-RAM\u00cdREZ cecilia.smith@ulagos.cl https:\/\/www.researchgate.net\/profile\/Cecilia_Smith-Ramirez &nbsp; Restauraci\u00f3n ecol\u00f3gica y servicios ecosist\u00e9micos Nos dedicamos al estudio de la restauraci\u00f3n ecol\u00f3gica o regeneraci\u00f3n de ambientes naturales alterados por incendios y por plantas e insectos invasores; incluyendo en nuestras investigaciones la percepci\u00f3n y disposici\u00f3n de propietarios y comunidades a conservar y restaurar. El estudio de servicios ecosist\u00e9micos incluye&hellip;","_links":{"self":[{"href":"https:\/\/cienciasbiologicas.ulagos.cl\/index.php?rest_route=\/wp\/v2\/pages\/211","targetHints":{"allow":["GET"]}}],"collection":[{"href":"https:\/\/cienciasbiologicas.ulagos.cl\/index.php?rest_route=\/wp\/v2\/pages"}],"about":[{"href":"https:\/\/cienciasbiologicas.ulagos.cl\/index.php?rest_route=\/wp\/v2\/types\/page"}],"author":[{"embeddable":true,"href":"https:\/\/cienciasbiologicas.ulagos.cl\/index.php?rest_route=\/wp\/v2\/users\/5"}],"replies":[{"embeddable":true,"href":"https:\/\/cienciasbiologicas.ulagos.cl\/index.php?rest_route=%2Fwp%2Fv2%2Fcomments&post=211"}],"version-history":[{"count":183,"href":"https:\/\/cienciasbiologicas.ulagos.cl\/index.php?rest_route=\/wp\/v2\/pages\/211\/revisions"}],"predecessor-version":[{"id":1679,"href":"https:\/\/cienciasbiologicas.ulagos.cl\/index.php?rest_route=\/wp\/v2\/pages\/211\/revisions\/1679"}],"up":[{"embeddable":true,"href":"https:\/\/cienciasbiologicas.ulagos.cl\/index.php?rest_route=\/wp\/v2\/pages\/18"}],"wp:attachment":[{"href":"https:\/\/cienciasbiologicas.ulagos.cl\/index.php?rest_route=%2Fwp%2Fv2%2Fmedia&parent=211"}],"curies":[{"name":"wp","href":"https:\/\/api.w.org\/{rel}","templated":true}]}}