{"id":200,"date":"2020-07-04T00:22:31","date_gmt":"2020-07-03T22:22:31","guid":{"rendered":"http:\/\/cienciasbiologicas.ulagos.cl\/?page_id=200"},"modified":"2026-04-28T21:45:52","modified_gmt":"2026-04-28T19:45:52","slug":"laboratorio-2","status":"publish","type":"page","link":"https:\/\/cienciasbiologicas.ulagos.cl\/?page_id=200","title":{"rendered":"Laboratorio Ciencias Naturales y Sostenibilidad"},"content":{"rendered":"<div class=\"row\">\n<div class=\"col-md-4\"><img loading=\"lazy\" decoding=\"async\" class=\"img-responsive alignnone\" style=\"width: 215px; height: 218px;\" src=\"http:\/\/cienciasbiologicas.ulagos.cl\/wp-content\/uploads\/2020\/09\/crespo1.jpg\" alt=\"none\" width=\"235\" height=\"238\" \/><\/div>\n<div class=\"col-md-8\"><span style=\"color: #003366;\"><strong>MSc. JULIO E. CRESPO<\/strong><\/span><br \/>\n<a href=\"mailto:jcrespo@ulagos.cl\" target=\"_blank\" rel=\"noopener noreferrer\">jcrespo@ulagos.cl<\/a><br \/>\n<a href=\"https:\/\/www.researchgate.net\/profile\/Julio_Crespo\" target=\"_blank\" rel=\"noopener noreferrer\">https:\/\/www.researchgate.net\/profile\/Julio_Crespo<\/a><br \/>\n<a href=\"http:\/\/www.ibam.ulagos.cl\" target=\"_blank\" rel=\"noopener noreferrer\">www.ibam.ulagos.cl<\/a> \u2013 <a href=\"http:\/\/www.molinai-journal.com\" target=\"_blank\" rel=\"noopener noreferrer\">www.molinai-journal.com<\/a><\/div>\n<\/div>\n<p><strong><br \/>\n<span style=\"color: #003366;\">Diversidad biol\u00f3gica y sostenibilidad<\/span><\/strong><\/p>\n<p>Se estudia la diversidad de especies que albergan los ecosistemas del sur de Chile, usando distintas aproximaciones de an\u00e1lisis (historia de vida, morfolog\u00eda, gen\u00e9tica y\/o sistem\u00e1tica). Eval\u00faa la vulnerabilidad y la adaptaci\u00f3n de los sistemas naturales al cambio global; y tambi\u00e9n la interacci\u00f3n de \u00e9stos sistemas naturales con los sistemas sociales. Identifica y aborda problem\u00e1ticas socio ambientales relevantes en el tr\u00e1nsito hacia la sostenibilidad regional.<\/p>\n<hr \/>\n<p><strong><span style=\"color: #003366;\">Publicaciones destacadas<\/span>\u00a0<\/strong><\/p>\n<p>Colihueque, N., Estay, F.J., <strong>Crespo, J.E.<\/strong>, Arriagada, A., Baessolo, L., Canales-Aguirre, C.B., Mar\u00edn, J. &amp; Carrasco, R. (2019). Genetic differentiation and origin of naturalized rainbow trout populations from southern Chile, revealed by the mtDNA control region marker. Frontiers in genetics 10, 1212. <a href=\"https:\/\/doi.org\/10.3389\/fgene.2019.01212\" target=\"_blank\" rel=\"noopener noreferrer\">https:\/\/doi.org\/10.3389\/fgene.2019.01212<\/a><\/p>\n<p><strong>Crespo, J.E.,<\/strong> Monteverde, A. &amp; Estay, J.G. (2018). Ecomarxismo: Mito o realidad en la sociedad abierta. Espacios 39(9): 12-15.<\/p>\n<p><strong>Crespo, J.E.<\/strong> &amp; Rau, J.R. (2017). Macroinvertebrados bent\u00f3nicos de ambientes l\u00f3ticos asociados a fragmentos de bosque nativo en Purranque, Regi\u00f3n de Los Lagos, sur de Chile. Historia Natural Tercera Serie 7(2): 99-106.<\/p>\n<p>P\u00e9rez-Schultheiss, J. &amp; <strong>Crespo, J.E.<\/strong> (2008). A new species of Parhyalella Kunkel, 1910 (Amphipoda, Talitroidea, Dogielinotidae) from the coast of Chile. Zootaxa 1724(1): 61-68.<\/p>\n<p>Gajardo, G., <strong>Crespo, J.,<\/strong> Triantafyllidis, A., Tzika, A., Baxevanis, D.A., I Kappas, \u2026 (2004). Species identification of Chilean Artemia populations based on mitochondrial DNA RFLP analysis. Journal of biogeography 31(4): 547-555. <a href=\"https:\/\/doi.org\/10.1111\/j.1365-2699.2003.01046.x\" target=\"_blank\" rel=\"noopener noreferrer\">https:\/\/doi.org\/10.1111\/j.1365-2699.2003.01046.x<\/a><\/p>\n","protected":false},"excerpt":{"rendered":"<p>MSc. JULIO E. CRESPO jcrespo@ulagos.cl https:\/\/www.researchgate.net\/profile\/Julio_Crespo www.ibam.ulagos.cl \u2013 www.molinai-journal.com Diversidad biol\u00f3gica y sostenibilidad Se estudia la diversidad de especies que albergan los ecosistemas del sur de Chile, usando distintas aproximaciones de an\u00e1lisis (historia de vida, morfolog\u00eda, gen\u00e9tica y\/o sistem\u00e1tica). Eval\u00faa la vulnerabilidad y la adaptaci\u00f3n de los sistemas naturales al cambio global; y tambi\u00e9n la [&hellip;]<\/p>\n","protected":false},"author":5,"featured_media":0,"parent":18,"menu_order":0,"comment_status":"closed","ping_status":"closed","template":"template_menuvertical.php","meta":{"_uag_custom_page_level_css":"","footnotes":""},"class_list":["post-200","page","type-page","status-publish","hentry"],"uagb_featured_image_src":{"full":false,"thumbnail":false,"medium":false,"medium_large":false,"large":false,"1536x1536":false,"2048x2048":false,"banner":false,"bannerresponsive":false,"desta_pageleft":false,"detacado_home":false,"home":false,"homepost":false},"uagb_author_info":{"display_name":"cristian","author_link":"https:\/\/cienciasbiologicas.ulagos.cl\/?author=5"},"uagb_comment_info":0,"uagb_excerpt":"MSc. JULIO E. CRESPO jcrespo@ulagos.cl https:\/\/www.researchgate.net\/profile\/Julio_Crespo www.ibam.ulagos.cl \u2013 www.molinai-journal.com Diversidad biol\u00f3gica y sostenibilidad Se estudia la diversidad de especies que albergan los ecosistemas del sur de Chile, usando distintas aproximaciones de an\u00e1lisis (historia de vida, morfolog\u00eda, gen\u00e9tica y\/o sistem\u00e1tica). Eval\u00faa la vulnerabilidad y la adaptaci\u00f3n de los sistemas naturales al cambio global; y tambi\u00e9n la&hellip;","_links":{"self":[{"href":"https:\/\/cienciasbiologicas.ulagos.cl\/index.php?rest_route=\/wp\/v2\/pages\/200","targetHints":{"allow":["GET"]}}],"collection":[{"href":"https:\/\/cienciasbiologicas.ulagos.cl\/index.php?rest_route=\/wp\/v2\/pages"}],"about":[{"href":"https:\/\/cienciasbiologicas.ulagos.cl\/index.php?rest_route=\/wp\/v2\/types\/page"}],"author":[{"embeddable":true,"href":"https:\/\/cienciasbiologicas.ulagos.cl\/index.php?rest_route=\/wp\/v2\/users\/5"}],"replies":[{"embeddable":true,"href":"https:\/\/cienciasbiologicas.ulagos.cl\/index.php?rest_route=%2Fwp%2Fv2%2Fcomments&post=200"}],"version-history":[{"count":96,"href":"https:\/\/cienciasbiologicas.ulagos.cl\/index.php?rest_route=\/wp\/v2\/pages\/200\/revisions"}],"predecessor-version":[{"id":1478,"href":"https:\/\/cienciasbiologicas.ulagos.cl\/index.php?rest_route=\/wp\/v2\/pages\/200\/revisions\/1478"}],"up":[{"embeddable":true,"href":"https:\/\/cienciasbiologicas.ulagos.cl\/index.php?rest_route=\/wp\/v2\/pages\/18"}],"wp:attachment":[{"href":"https:\/\/cienciasbiologicas.ulagos.cl\/index.php?rest_route=%2Fwp%2Fv2%2Fmedia&parent=200"}],"curies":[{"name":"wp","href":"https:\/\/api.w.org\/{rel}","templated":true}]}}