{"id":1934,"date":"2024-11-15T15:05:30","date_gmt":"2024-11-15T14:05:30","guid":{"rendered":"https:\/\/cienciasbiologicas.ulagos.cl\/?page_id=1934"},"modified":"2026-04-28T21:42:56","modified_gmt":"2026-04-28T19:42:56","slug":"presentacion","status":"publish","type":"page","link":"https:\/\/cienciasbiologicas.ulagos.cl\/?page_id=1934","title":{"rendered":"Presentacion"},"content":{"rendered":"<h4 style=\"text-align: left;\"><span class=\"txt_azul_ulagos txt_preguntas\" style=\"color: #333399;\"><strong><a class=\"linkimagen\" href=\"http:\/\/cienciasbiologicas.ulagos.cl\/wp-content\/uploads\/2024\/04\/lat40LOGO.png\" data-lity=\"\" data-title=\"\"><img decoding=\"async\" class=\"img-responsive alignleft\" style=\"width: 220px; height: 108px;\" src=\"http:\/\/cienciasbiologicas.ulagos.cl\/wp-content\/uploads\/2024\/04\/lat40LOGO.png\" alt=\"none\" \/><\/a><\/strong><\/span><span class=\"txt_azul_ulagos txt_preguntas\" style=\"color: #333399;\"><strong>Investigaci\u00f3n y M<\/strong><\/span><span class=\"txt_azul_ulagos txt_preguntas\" style=\"color: #333399;\"><strong>onitoreo\u00a0<\/strong><\/span><span class=\"txt_azul_ulagos txt_preguntas\" style=\"color: #333399;\"><strong>de la B<\/strong><\/span><span class=\"txt_azul_ulagos txt_preguntas\" style=\"color: #333399;\"><strong>iodiversidad<\/strong><\/span><\/h4>\n<hr \/>\n<p class=\"txt_subtitulos txt_subtitulos2\" style=\"text-align: left;\"><span class=\"txt_preguntas\">La Convenci\u00f3n de diversidad biol\u00f3gica (CDB) se\u00f1ala que: \u201cdiversidad biol\u00f3gica significa la variabilidad entre organismos vivos de todas las fuentes, incluidos, entre otros, los ecosistemas terrestres, marinos y otros ecosistemas acu\u00e1ticos y los complejos ecol\u00f3gicos de los que forman parte; esto incluye la diversidad dentro de las especies, entre especies y de ecosistemas\u201d [Stork y Samways, 1995].\u00a0<\/span>En este contexto, el monitoreo (Niemel\u00e4, 2000): 1-Determina el estado de la diversidad biol\u00f3gica en uno o m\u00e1s niveles ecol\u00f3gicos, 2-Eval\u00faa los cambios en el tiempo y el espacio y 3-Proporciona pautas para tomar decisiones sobre c\u00f3mo gestionar la diversidad biol\u00f3gica en t\u00e9rminos de producci\u00f3n y conservaci\u00f3n.<\/p>\n<p class=\"txt_subtitulos txt_subtitulos2\" style=\"text-align: left;\">La <span style=\"color: #333399;\"><strong>Iniciativa Lat40+<\/strong><\/span><span style=\"color: #0000ff;\"><span style=\"color: #000000;\"> surge como una estrategia complementaria a las propuestas en el Eje de Vinculaci\u00f3n con el Medio de nuestro Plan de Desarrollo Departamental 2021-2028. La finalidad es lograr la implementaci\u00f3n de una plataforma de informaci\u00f3n especializada de la biodiversidad que surge <strong><span style=\"color: #333399;\">desde<\/span>\u00a0<\/strong>la Regi\u00f3n de Los Lagos; y cuyos ejes se relacionan con la Investigaci\u00f3n B\u00e1sica y Aplicada [Eje IBA] y otro con la Divulgaci\u00f3n de la Ciencia [Eje DCi] que permita que la difusi\u00f3n del conocimiento cient\u00edfico a un p\u00fablico objetivo que incluye establecimientos educacionales, la sociedad civil, las instituciones de educaci\u00f3n superior nacionales e internacionales, instituciones gubernamentales, entidades no gubernamentales y privadas.\u00a0<\/span><\/span><\/p>\n<p>&nbsp;<\/p>\n","protected":false},"excerpt":{"rendered":"<p>Investigaci\u00f3n y Monitoreo\u00a0de la Biodiversidad La Convenci\u00f3n de diversidad biol\u00f3gica (CDB) se\u00f1ala que: \u201cdiversidad biol\u00f3gica significa la variabilidad entre organismos vivos de todas las fuentes, incluidos, entre otros, los ecosistemas terrestres, marinos y otros ecosistemas acu\u00e1ticos y los complejos ecol\u00f3gicos de los que forman parte; esto incluye la diversidad dentro de las especies, entre especies [&hellip;]<\/p>\n","protected":false},"author":5,"featured_media":0,"parent":1664,"menu_order":0,"comment_status":"closed","ping_status":"closed","template":"template_menuvertical.php","meta":{"_uag_custom_page_level_css":"","footnotes":""},"class_list":["post-1934","page","type-page","status-publish","hentry"],"uagb_featured_image_src":{"full":false,"thumbnail":false,"medium":false,"medium_large":false,"large":false,"1536x1536":false,"2048x2048":false,"banner":false,"bannerresponsive":false,"desta_pageleft":false,"detacado_home":false,"home":false,"homepost":false},"uagb_author_info":{"display_name":"cristian","author_link":"https:\/\/cienciasbiologicas.ulagos.cl\/?author=5"},"uagb_comment_info":0,"uagb_excerpt":"Investigaci\u00f3n y Monitoreo\u00a0de la Biodiversidad La Convenci\u00f3n de diversidad biol\u00f3gica (CDB) se\u00f1ala que: \u201cdiversidad biol\u00f3gica significa la variabilidad entre organismos vivos de todas las fuentes, incluidos, entre otros, los ecosistemas terrestres, marinos y otros ecosistemas acu\u00e1ticos y los complejos ecol\u00f3gicos de los que forman parte; esto incluye la diversidad dentro de las especies, entre especies&hellip;","_links":{"self":[{"href":"https:\/\/cienciasbiologicas.ulagos.cl\/index.php?rest_route=\/wp\/v2\/pages\/1934","targetHints":{"allow":["GET"]}}],"collection":[{"href":"https:\/\/cienciasbiologicas.ulagos.cl\/index.php?rest_route=\/wp\/v2\/pages"}],"about":[{"href":"https:\/\/cienciasbiologicas.ulagos.cl\/index.php?rest_route=\/wp\/v2\/types\/page"}],"author":[{"embeddable":true,"href":"https:\/\/cienciasbiologicas.ulagos.cl\/index.php?rest_route=\/wp\/v2\/users\/5"}],"replies":[{"embeddable":true,"href":"https:\/\/cienciasbiologicas.ulagos.cl\/index.php?rest_route=%2Fwp%2Fv2%2Fcomments&post=1934"}],"version-history":[{"count":4,"href":"https:\/\/cienciasbiologicas.ulagos.cl\/index.php?rest_route=\/wp\/v2\/pages\/1934\/revisions"}],"predecessor-version":[{"id":1939,"href":"https:\/\/cienciasbiologicas.ulagos.cl\/index.php?rest_route=\/wp\/v2\/pages\/1934\/revisions\/1939"}],"up":[{"embeddable":true,"href":"https:\/\/cienciasbiologicas.ulagos.cl\/index.php?rest_route=\/wp\/v2\/pages\/1664"}],"wp:attachment":[{"href":"https:\/\/cienciasbiologicas.ulagos.cl\/index.php?rest_route=%2Fwp%2Fv2%2Fmedia&parent=1934"}],"curies":[{"name":"wp","href":"https:\/\/api.w.org\/{rel}","templated":true}]}}