{"id":1921,"date":"2024-11-15T14:41:21","date_gmt":"2024-11-15T13:41:21","guid":{"rendered":"https:\/\/cienciasbiologicas.ulagos.cl\/?page_id=1921"},"modified":"2024-12-12T21:31:42","modified_gmt":"2024-12-12T20:31:42","slug":"jornadas-abiertas","status":"publish","type":"page","link":"https:\/\/cienciasbiologicas.ulagos.cl\/?page_id=1921","title":{"rendered":"Jornadas Abiertas"},"content":{"rendered":"<p>&nbsp;<\/p>\n<p>&nbsp;<\/p>\n<p><em><span style=\"color: #000080;\"><strong>A\u00d1O 2023<img loading=\"lazy\" decoding=\"async\" class=\"alignleft\" src=\"http:\/\/cienciasbiologicas.ulagos.cl\/wp-content\/uploads\/2024\/12\/Afiche-1a-jornada-abierta-dic6.jpg\" alt=\"none\" width=\"292\" height=\"292\" \/><\/strong><\/span><\/em><\/p>\n<p><em><span style=\"color: #000080;\"><strong>Primera Jornada Abierta de Biodiversidad &amp; Conservaci\u00f3n <\/strong><\/span>tuvo como prop\u00f3sito compartir con estudiantes, acad\u00e9micas\/os y p\u00fablico en general el conocimiento cient\u00edfico de las investigaciones que se desarrollan en <\/em><em>nuestro Departamento. <\/em><\/p>\n<p style=\"text-align: left;\"><em>Este <\/em><em>evento se enmarca en la \u00ab<span style=\"color: #000000;\">Iniciativa Lat40+\u00bb, ref<\/span>erida a la investigaci\u00f3n y monitoreo de la biodiversidad <strong>desde<\/strong> la Regi\u00f3n de Los Lagos.\u00a0<\/em><\/p>\n<p><em>L<\/em>eer m\u00e1s en <a href=\"https:\/\/www.ulagos.cl\/2023\/12\/primera-jornada-abierta-de-biodiversidad-y-conservacion-compartio-la-ciencia-con-estudiantes\/\">AQU\u00cd<\/a><\/p>\n<p>&nbsp;<\/p>\n","protected":false},"excerpt":{"rendered":"<p>&nbsp; &nbsp; A\u00d1O 2023 Primera Jornada Abierta de Biodiversidad &amp; Conservaci\u00f3n tuvo como prop\u00f3sito compartir con estudiantes, acad\u00e9micas\/os y p\u00fablico en general el conocimiento cient\u00edfico de las investigaciones que se desarrollan en nuestro Departamento. Este evento se enmarca en la \u00abIniciativa Lat40+\u00bb, referida a la investigaci\u00f3n y monitoreo de la biodiversidad desde la Regi\u00f3n de [&hellip;]<\/p>\n","protected":false},"author":5,"featured_media":0,"parent":1664,"menu_order":0,"comment_status":"closed","ping_status":"closed","template":"template_menu_vertical.php","meta":{"_uag_custom_page_level_css":"","footnotes":""},"class_list":["post-1921","page","type-page","status-publish","hentry"],"uagb_featured_image_src":{"full":false,"thumbnail":false,"medium":false,"medium_large":false,"large":false,"1536x1536":false,"2048x2048":false,"detacado_home":false,"home":false,"destacado":false},"uagb_author_info":{"display_name":"cristian","author_link":"https:\/\/cienciasbiologicas.ulagos.cl\/?author=5"},"uagb_comment_info":0,"uagb_excerpt":"&nbsp; &nbsp; A\u00d1O 2023 Primera Jornada Abierta de Biodiversidad &amp; Conservaci\u00f3n tuvo como prop\u00f3sito compartir con estudiantes, acad\u00e9micas\/os y p\u00fablico en general el conocimiento cient\u00edfico de las investigaciones que se desarrollan en nuestro Departamento. Este evento se enmarca en la \u00abIniciativa Lat40+\u00bb, referida a la investigaci\u00f3n y monitoreo de la biodiversidad desde la Regi\u00f3n de&hellip;","_links":{"self":[{"href":"https:\/\/cienciasbiologicas.ulagos.cl\/index.php?rest_route=\/wp\/v2\/pages\/1921","targetHints":{"allow":["GET"]}}],"collection":[{"href":"https:\/\/cienciasbiologicas.ulagos.cl\/index.php?rest_route=\/wp\/v2\/pages"}],"about":[{"href":"https:\/\/cienciasbiologicas.ulagos.cl\/index.php?rest_route=\/wp\/v2\/types\/page"}],"author":[{"embeddable":true,"href":"https:\/\/cienciasbiologicas.ulagos.cl\/index.php?rest_route=\/wp\/v2\/users\/5"}],"replies":[{"embeddable":true,"href":"https:\/\/cienciasbiologicas.ulagos.cl\/index.php?rest_route=%2Fwp%2Fv2%2Fcomments&post=1921"}],"version-history":[{"count":16,"href":"https:\/\/cienciasbiologicas.ulagos.cl\/index.php?rest_route=\/wp\/v2\/pages\/1921\/revisions"}],"predecessor-version":[{"id":1968,"href":"https:\/\/cienciasbiologicas.ulagos.cl\/index.php?rest_route=\/wp\/v2\/pages\/1921\/revisions\/1968"}],"up":[{"embeddable":true,"href":"https:\/\/cienciasbiologicas.ulagos.cl\/index.php?rest_route=\/wp\/v2\/pages\/1664"}],"wp:attachment":[{"href":"https:\/\/cienciasbiologicas.ulagos.cl\/index.php?rest_route=%2Fwp%2Fv2%2Fmedia&parent=1921"}],"curies":[{"name":"wp","href":"https:\/\/api.w.org\/{rel}","templated":true}]}}