{"id":1783,"date":"2024-04-26T23:53:31","date_gmt":"2024-04-26T21:53:31","guid":{"rendered":"https:\/\/cienciasbiologicas.ulagos.cl\/?page_id=1783"},"modified":"2024-07-31T22:15:49","modified_gmt":"2024-07-31T20:15:49","slug":"biologia-general","status":"publish","type":"page","link":"https:\/\/cienciasbiologicas.ulagos.cl\/?page_id=1783","title":{"rendered":"Biolog\u00eda General"},"content":{"rendered":"<div class=\"row\">\n<div class=\"col-md-4\"><a href=\"http:\/\/cienciasbiologicas.ulagos.cl\/wp-content\/uploads\/2024\/07\/mparraguez.jpg\"><img loading=\"lazy\" decoding=\"async\" class=\"img-responsive alignnone\" style=\"width: 201px; height: 204px;\" src=\"http:\/\/cienciasbiologicas.ulagos.cl\/wp-content\/uploads\/2024\/07\/mparraguez.jpg\" alt=\"none\" width=\"235\" height=\"238\" \/><\/a><\/div>\n<p>&nbsp;<\/p>\n<div class=\"col-md-8\"><b>Prof. Margarita Parraguez, MEd.<br \/>\n<\/b><a href=\"mailto:mparraguez@ulagos.cl\" target=\"_blank\" rel=\"noopener noreferrer\">mparraguez@ulagos.cl<\/a><\/div>\n<div><\/div>\n<\/div>\n<p>&nbsp;<\/p>\n<p><span style=\"color: #003366;\"><b>Responsable Lab Biolog\u00eda General<\/b><\/span><\/p>\n<p>Laboratorio para Docencia Universitaria que cuenta con la implementaci\u00f3n requerida para desarrollar m\u00faltiples actividades pr\u00e1cticas con estudiantes pertenecientes a carreras del \u00e1rea de Salud, Biolog\u00eda Marina, Acuicultura, Agronom\u00eda, entre otras, que se imparten en el Campus Osorno de la Universidad.<\/p>\n<p>Este espacio universitario permite tambi\u00e9n el desarrollo de actividades de vinculaci\u00f3n con el medio a trav\u00e9s de visitas guiadas de estudiantes de ense\u00f1anza b\u00e1sica y\/o media de la comuna y provincia; y tambi\u00e9n como plataforma para la realizaci\u00f3n de talleres o cursos breves de actualizaci\u00f3n para profesionales de la instituci\u00f3n o la regi\u00f3n.<\/p>\n","protected":false},"excerpt":{"rendered":"<p>&nbsp; Prof. Margarita Parraguez, MEd. mparraguez@ulagos.cl &nbsp; Responsable Lab Biolog\u00eda General Laboratorio para Docencia Universitaria que cuenta con la implementaci\u00f3n requerida para desarrollar m\u00faltiples actividades pr\u00e1cticas con estudiantes pertenecientes a carreras del \u00e1rea de Salud, Biolog\u00eda Marina, Acuicultura, Agronom\u00eda, entre otras, que se imparten en el Campus Osorno de la Universidad. Este espacio universitario permite [&hellip;]<\/p>\n","protected":false},"author":3,"featured_media":0,"parent":18,"menu_order":0,"comment_status":"closed","ping_status":"closed","template":"template_menu_vertical.php","meta":{"_uag_custom_page_level_css":"","footnotes":""},"class_list":["post-1783","page","type-page","status-publish","hentry"],"uagb_featured_image_src":{"full":false,"thumbnail":false,"medium":false,"medium_large":false,"large":false,"1536x1536":false,"2048x2048":false,"detacado_home":false,"home":false,"destacado":false},"uagb_author_info":{"display_name":"Julio Crespo","author_link":"https:\/\/cienciasbiologicas.ulagos.cl\/?author=3"},"uagb_comment_info":0,"uagb_excerpt":"&nbsp; Prof. Margarita Parraguez, MEd. mparraguez@ulagos.cl &nbsp; Responsable Lab Biolog\u00eda General Laboratorio para Docencia Universitaria que cuenta con la implementaci\u00f3n requerida para desarrollar m\u00faltiples actividades pr\u00e1cticas con estudiantes pertenecientes a carreras del \u00e1rea de Salud, Biolog\u00eda Marina, Acuicultura, Agronom\u00eda, entre otras, que se imparten en el Campus Osorno de la Universidad. Este espacio universitario permite&hellip;","_links":{"self":[{"href":"https:\/\/cienciasbiologicas.ulagos.cl\/index.php?rest_route=\/wp\/v2\/pages\/1783","targetHints":{"allow":["GET"]}}],"collection":[{"href":"https:\/\/cienciasbiologicas.ulagos.cl\/index.php?rest_route=\/wp\/v2\/pages"}],"about":[{"href":"https:\/\/cienciasbiologicas.ulagos.cl\/index.php?rest_route=\/wp\/v2\/types\/page"}],"author":[{"embeddable":true,"href":"https:\/\/cienciasbiologicas.ulagos.cl\/index.php?rest_route=\/wp\/v2\/users\/3"}],"replies":[{"embeddable":true,"href":"https:\/\/cienciasbiologicas.ulagos.cl\/index.php?rest_route=%2Fwp%2Fv2%2Fcomments&post=1783"}],"version-history":[{"count":17,"href":"https:\/\/cienciasbiologicas.ulagos.cl\/index.php?rest_route=\/wp\/v2\/pages\/1783\/revisions"}],"predecessor-version":[{"id":1883,"href":"https:\/\/cienciasbiologicas.ulagos.cl\/index.php?rest_route=\/wp\/v2\/pages\/1783\/revisions\/1883"}],"up":[{"embeddable":true,"href":"https:\/\/cienciasbiologicas.ulagos.cl\/index.php?rest_route=\/wp\/v2\/pages\/18"}],"wp:attachment":[{"href":"https:\/\/cienciasbiologicas.ulagos.cl\/index.php?rest_route=%2Fwp%2Fv2%2Fmedia&parent=1783"}],"curies":[{"name":"wp","href":"https:\/\/api.w.org\/{rel}","templated":true}]}}