{"id":137,"date":"2020-07-02T00:35:54","date_gmt":"2020-07-01T22:35:54","guid":{"rendered":"http:\/\/cienciasbiologicas.ulagos.cl\/?page_id=137"},"modified":"2021-10-21T02:56:34","modified_gmt":"2021-10-21T00:56:34","slug":"laboratorio1","status":"publish","type":"page","link":"https:\/\/cienciasbiologicas.ulagos.cl\/?page_id=137","title":{"rendered":"Laboratorio Biolog\u00eda Molecular y Citogen\u00e9tica"},"content":{"rendered":"<div class=\"row\">\n<div class=\"col-md-4\"><a href=\"http:\/\/cienciasbiologicas.ulagos.cl\/wp-content\/uploads\/2020\/09\/colihueque1.jpg\" data-lity=\"\" data-title=\"\"><img decoding=\"async\" class=\"img-responsive alignleft\" style=\"width: 180px; height: 182px;\" src=\"http:\/\/cienciasbiologicas.ulagos.cl\/wp-content\/uploads\/2020\/09\/colihueque1.jpg\" alt=\"none\" \/><\/a><\/div>\n<p>&nbsp;<\/p>\n<div class=\"col-md-8\"><b><span style=\"color: #003366;\">DR. NELSON COLIHUEQUE<\/span><br \/>\n<\/b><a href=\"mailto:ncolih@ulagos.cl\" target=\"_blank\" rel=\"noopener noreferrer\">ncolih@ulagos.cl<\/a><\/div>\n<div>\u00a0 \u00a0\u00a0<a href=\"https:\/\/www.researchgate.net\/profile\/Nelson_Colihueque\" target=\"_blank\" rel=\"noopener noreferrer\">https:\/\/www.researchgate.net\/profile\/Nelson_Colihueque<\/a><\/div>\n<\/div>\n<p>&nbsp;<\/p>\n<p><span style=\"color: #003366;\"><strong>Gen\u00e9tica molecular y citogen\u00e9tica<\/strong><\/span><\/p>\n<p>Laboratorio dedicado a la investigaci\u00f3n b\u00e1sica y aplicada en gen\u00e9tica molecular y citogen\u00e9tica tanto en organismos acu\u00e1ticos (peces, crust\u00e1ceos y moluscos) como terrestres (mam\u00edferos y aves).\u00a0 Las l\u00edneas principales de investigaci\u00f3n son citogen\u00e9tica evolutiva, mejoramiento gen\u00e9tico en acuicultura, inducci\u00f3n a la triploid\u00eda y ginog\u00e9nesis en peces, an\u00e1lisis de estructura gen\u00e9tica de poblaciones, sistem\u00e1tica molecular, DNA barcoding, autenticaci\u00f3n de alimentos marinos basado en ADN, determinaci\u00f3n de las bases gen\u00e9tico-moleculares de la pigmentacion de la piel en peces, reproducci\u00f3n y gen\u00e9tica en salm\u00f3nidos y caracterizaci\u00f3n de rasgos de inter\u00e9s productivo en salmonicultura.<\/p>\n<hr \/>\n<p><span style=\"color: #003366;\"><strong>Publicaciones destacadas<\/strong><\/span><\/p>\n<p><strong>Colihueque, N.<\/strong>, Arriagada, A. &amp; Fuentes, A. (2020) Distribution modelling of the Pudu deer (<em>Pudu puda<\/em>) in southern Chile. <em>Nature Conservation<\/em> 41: 47\u201369. <a href=\"https:\/\/doi.org\/10.3897\/natureconservation.41.53748\">https:\/\/doi.org\/10.3897\/natureconservation.41.53748<\/a><\/p>\n<p><strong>Colihueque, N.<\/strong>, Estay, F.J., Crespo, J.E., Arriagada, A., Baessolo, L., Canales-Aguirre, C.B., Mar\u00edn, J. &amp; Carrasco, R. (2019). Genetic differentiation and origin of naturalized rainbow trout populations from southern Chile, revealed by the mtDNA control region marker. <em>Frontiers in genetics<\/em> 10, 1212. <a href=\"https:\/\/doi.org\/10.3389\/fgene.2019.01212\">https:\/\/doi.org\/10.3389\/fgene.2019.01212<\/a><\/p>\n<p><strong>Colihueque, N.<\/strong>, Gantz, A., Rau, J.R. &amp; Parraguez, M. (2015) Genetic divergence analysis of the Common Barn Owl <em>Tyto alba<\/em> (Scopoli, 1769) and the Short-eared Owl Asio flammeus (Pontoppidan, 1763) from southern Chile using COI sequence. <em>ZooKeys<\/em> 534: 135\u2013146. <a href=\"https:\/\/doi.org\/10.3897\/zookeys.534.5953\">https:\/\/doi.org\/10.3897\/zookeys.534.5953<\/a><\/p>\n<p><strong>Colihueque, N.<\/strong> &amp; Araneda, C. (2014). Appearance traits in fish farming: progress from classical genetics to genomics, providing insight into current and potential genetic improvement. Frontiers in Genetics. <a href=\"https:\/\/doi.org\/10.3389\/fgene.2014.00251\">https:\/\/doi.org\/10.3389\/fgene.2014.00251<\/a><\/p>\n","protected":false},"excerpt":{"rendered":"<p>&nbsp; DR. NELSON COLIHUEQUE ncolih@ulagos.cl \u00a0 \u00a0\u00a0https:\/\/www.researchgate.net\/profile\/Nelson_Colihueque &nbsp; Gen\u00e9tica molecular y citogen\u00e9tica Laboratorio dedicado a la investigaci\u00f3n b\u00e1sica y aplicada en gen\u00e9tica molecular y citogen\u00e9tica tanto en organismos acu\u00e1ticos (peces, crust\u00e1ceos y moluscos) como terrestres (mam\u00edferos y aves).\u00a0 Las l\u00edneas principales de investigaci\u00f3n son citogen\u00e9tica evolutiva, mejoramiento gen\u00e9tico en acuicultura, inducci\u00f3n a la triploid\u00eda y [&hellip;]<\/p>\n","protected":false},"author":7,"featured_media":0,"parent":18,"menu_order":6,"comment_status":"closed","ping_status":"closed","template":"template_menu_vertical.php","meta":{"_uag_custom_page_level_css":"","footnotes":""},"class_list":["post-137","page","type-page","status-publish","hentry"],"uagb_featured_image_src":{"full":false,"thumbnail":false,"medium":false,"medium_large":false,"large":false,"1536x1536":false,"2048x2048":false,"detacado_home":false,"home":false,"destacado":false},"uagb_author_info":{"display_name":"Joseluis Proboste","author_link":"https:\/\/cienciasbiologicas.ulagos.cl\/?author=7"},"uagb_comment_info":0,"uagb_excerpt":"&nbsp; DR. NELSON COLIHUEQUE ncolih@ulagos.cl \u00a0 \u00a0\u00a0https:\/\/www.researchgate.net\/profile\/Nelson_Colihueque &nbsp; Gen\u00e9tica molecular y citogen\u00e9tica Laboratorio dedicado a la investigaci\u00f3n b\u00e1sica y aplicada en gen\u00e9tica molecular y citogen\u00e9tica tanto en organismos acu\u00e1ticos (peces, crust\u00e1ceos y moluscos) como terrestres (mam\u00edferos y aves).\u00a0 Las l\u00edneas principales de investigaci\u00f3n son citogen\u00e9tica evolutiva, mejoramiento gen\u00e9tico en acuicultura, inducci\u00f3n a la triploid\u00eda y&hellip;","_links":{"self":[{"href":"https:\/\/cienciasbiologicas.ulagos.cl\/index.php?rest_route=\/wp\/v2\/pages\/137","targetHints":{"allow":["GET"]}}],"collection":[{"href":"https:\/\/cienciasbiologicas.ulagos.cl\/index.php?rest_route=\/wp\/v2\/pages"}],"about":[{"href":"https:\/\/cienciasbiologicas.ulagos.cl\/index.php?rest_route=\/wp\/v2\/types\/page"}],"author":[{"embeddable":true,"href":"https:\/\/cienciasbiologicas.ulagos.cl\/index.php?rest_route=\/wp\/v2\/users\/7"}],"replies":[{"embeddable":true,"href":"https:\/\/cienciasbiologicas.ulagos.cl\/index.php?rest_route=%2Fwp%2Fv2%2Fcomments&post=137"}],"version-history":[{"count":46,"href":"https:\/\/cienciasbiologicas.ulagos.cl\/index.php?rest_route=\/wp\/v2\/pages\/137\/revisions"}],"predecessor-version":[{"id":1494,"href":"https:\/\/cienciasbiologicas.ulagos.cl\/index.php?rest_route=\/wp\/v2\/pages\/137\/revisions\/1494"}],"up":[{"embeddable":true,"href":"https:\/\/cienciasbiologicas.ulagos.cl\/index.php?rest_route=\/wp\/v2\/pages\/18"}],"wp:attachment":[{"href":"https:\/\/cienciasbiologicas.ulagos.cl\/index.php?rest_route=%2Fwp%2Fv2%2Fmedia&parent=137"}],"curies":[{"name":"wp","href":"https:\/\/api.w.org\/{rel}","templated":true}]}}